ue
Suppose -10 - 46 = -2*k. Let s = k + -22. Suppose -s*t + 4314 = -0*t. Is t prime?
True
Let y be (-1)/(-3) - 5252/6. Let u = y - -1538. Let m = -472 + u. Is m composite?
False
Let o(h) = 157*h + 102. Let n(x) = x**3 + 13*x**2 + 10*x - 19. Let w be n(-12). Is o(w) prime?
True
Let x = 6 - 0. Let u be ((-5)/30)/((-1)/x). Is 3*(-1*314/(-3) + u) a prime number?
True
Suppose -d = -s + 55641, -8*s + 3*d + 222559 = -4*s. Let w = s - 34763. Is w a prime number?
True
Let s(h) = 73*h**2 - 18*h + 4. Let k be s(15). Suppose 16*c = 5*c + k. Is c a prime number?
False
Let x be (-108)/(-72) + 50/4. Let a(j) = 433*j - 123. Is a(x) a prime number?
True
Let m be 10*(26/4)/(3/6). Let f = m - 126. Suppose 10*t - f*t - 354 = 0. Is t prime?
True
Let t(s) = 5763*s - 21. Let c be t(2). Suppose -3*y + c = -13572. Is y composite?
True
Suppose -4*b + 87700 = -0*b - 233448. Is b composite?
False
Let m = -7285 - -55544. Is m a composite number?
False
Let h(u) = -2*u - 1. Let p be h(3). Let a(f) = f + 9. Let t be a(p). Suppose 3*m - 42 - 114 = -l, -316 = -t*l - 2*m. Is l a prime number?
False
Let p be (-12)/21 + (-43884)/(-14). Suppose -21*x = -20*x - p. Let c = x + 3315. Is c prime?
True
Let y(x) = -13*x - 48. Let l be y(-4). Suppose -8*q + 9*q = -4*f + 1415, l*q = -4*f + 5612. Is q composite?
False
Suppose 5*t - 2*j - 406647 = 0, -4*t - 2*j + 266278 = -59054. Is t composite?
False
Let n = -22473 + 9716. Is (6/(-6))/1*n composite?
False
Let q(v) = -9131*v + 57. Is q(-10) prime?
True
Let a(w) = -704*w - 9. Let z = 16 + -21. Is a(z) a composite number?
False
Let d be (-1)/(-2)*-1*982. Let h be -1 + 7 + -6 + (-42)/1. Let w = h - d. Is w a composite number?
False
Suppose -8*y + 11*y - 6 = 0, 5*q - 2*y + 7724 = 0. Let o = -147 - q. Is o composite?
True
Let b(v) = 2268*v + 23. Let a(t) = 1133*t + 12. Let j(g) = -11*a(g) + 6*b(g). Is j(1) prime?
True
Let m be 2/(-2*2) - 4161/(-114). Suppose m = -4*t - 72. Is 3158*(t/90)/(3/(-5)) composite?
False
Let u(x) = -x**3 - 14*x**2 + 7*x + 56. Let j be u(-14). Is j/24 - -2 - 23515/(-4) a prime number?
True
Suppose -2*o + 11*g + 40480 = 6*g, 3*g = 2*o - 40484. Is o prime?
False
Suppose -4*a + 5*g = -1956394 - 2912099, 3*g + 15 = 0. Is a prime?
False
Suppose -3*h - 37*n = -41*n - 226, 69 = h + 5*n. Is h composite?
True
Suppose 0 = -46*t + 60 + 170. Suppose -7*p = -6*p - 5, t*f - 72020 = -3*p. Is f composite?
False
Let l(y) be the third derivative of 257*y**5/60 + y**4/4 - 4*y**3/3 + 27*y**2. Let b be l(2). Is (-2)/(-10) - b/(-15) composite?
True
Let y = -47514 + 23907. Let p = y + 38096. Is p prime?
True
Suppose 117*s - 5374484 = -55*s. Is s a composite number?
False
Suppose -t - 57 + 58 = 0, 2*t - 457091 = -3*i. Is i a composite number?
False
Let l be -5*(-11)/((-110)/(-52)). Suppose -l*x + 70742 = -12*x. Is x a composite number?
True
Is 14044 - (1 + 3 + -6 + (18 - 23)) composite?
False
Suppose -4*f = -72 - 208. Suppose 8*l - 13*l = -f. Suppose -l*j + 8*j = -16662. Is j prime?
True
Let k = -22480 - -65947. Is k composite?
True
Let o = -40 - -40. Suppose 3*z - 4*h = 14, o*h = -2*h - 4. Suppose 2*k - 199 = -b + 3*k, -3*b + 599 = -z*k. Is b a prime number?
False
Suppose f = 2*f - 3*s - 24, s - 1 = 0. Suppose f*p - 91632 - 46905 = 0. Is p composite?
True
Let n = -214 + 230. Is (-38810)/(-40) - (12/n)/(-1) a prime number?
True
Let o(k) = 1296*k**2 + 12*k + 71. Is o(16) a composite number?
False
Let k = -191 - -194. Suppose 532 + 41 = k*o. Is o a prime number?
True
Let r(t) = -4*t + 8. Let j be r(-8). Let a = -37 + j. Is (a - (-2461 - -4)) + 1 + -3 composite?
True
Let j(i) = i + 5. Let d be j(-16). Let q(l) = l**3 + 12*l**2 + 12*l + 11. Let c be q(d). Suppose -5*r - 65 + 1380 = c. Is r prime?
True
Suppose 19450 = -312*n + 314*n. Suppose -n = 70*b - 75*b. Is b prime?
False
Suppose 11*d + 954 = -322. Let u = d - -210. Is u a prime number?
False
Suppose -893734 + 47891 = -29*k. Is k prime?
True
Let t = -2019 + 1176110. Is t composite?
False
Suppose 0 = -2*n - 4, 4*z - 3*n - 3 = 15. Suppose -2*s = -z*k - 1328 - 2927, -6382 = -3*s + 5*k. Is s a prime number?
True
Is (8/32 + (-117)/52)/((-8)/1378348) prime?
True
Let c(g) = -3 - 6 + 34 + 6 - 2*g. Let r be c(16). Is r/(3 - 335/110) a composite number?
True
Suppose 0 = -10*n + 63 + 27. Suppose 0 = -4*b + 7 + n, -4*q - b + 1012 = 0. Let y = 415 - q. Is y a composite number?
False
Let w(z) = 17*z**2 + 20*z + 68. Let o be w(-13). Suppose 3*d = 23*s - 24*s + o, -3564 = -4*d - 4*s. Is d composite?
True
Suppose -22621 = -s - 4*u, -3*s + 4*u + 15523 = -52356. Suppose -11208 = -23*j + s. Is j a prime number?
True
Let h be (7 - (-320)/(-30))*6*-29. Suppose 0 = -s + 2 + 3. Suppose 5*i + 4*d - 1803 = 0, 0 = 2*i + s*d - 90 - h. Is i prime?
True
Let x(k) = 1176*k**2 + 2*k - 2. Let p be x(-2). Let o = -583 + -2580. Let f = p + o. Is f a prime number?
False
Let g = -110466 + 242749. Is g a composite number?
False
Let x be ((-29)/(-87))/((-1)/18). Is 4/x + 7996/6 + 5 composite?
True
Let z = -144880 + 244103. Is z composite?
False
Is 22*(-17)/(-1683) - 65977/(-9) composite?
False
Suppose 161554 = -73*v + 75*v. Let w = -50488 + v. Is w a composite number?
True
Suppose 18*b + 158*b - 8588272 = 0. Is b a prime number?
False
Suppose 5*q - 2*q - 60384 = -x, -5*x = -q + 20144. Let z = 35686 - q. Is z a composite number?
True
Suppose 5*u = u + 3*u. Suppose 3*a = -u*a + 3, 4*w + a + 111 = 0. Is (236/(-6))/(w/42) composite?
False
Suppose -13*t - 82260 = -18*t - 4*o, 3*o = -t + 16463. Let i = t + -5601. Is i a composite number?
False
Suppose -o + 2771 = 5*z, -46*o = -47*o + 5*z + 2711. Is o composite?
False
Let d(y) = -y**3 + y**2 - y + 4. Let k be d(0). Suppose 0 = -5*j + 2*t + 1241, -j - k*t = -0*j - 257. Let a = j + -70. Is a a prime number?
True
Let n(b) be the third derivative of -11*b**4/6 + 5*b**3/2 + 219*b**2. Let q(x) = -5*x + 4. Let k be q(3). Is n(k) composite?
False
Let g(i) = 672*i**2 - 53*i + 1144. Is g(19) a prime number?
True
Is (95/90 - 24/27) + (-1177186)/(-12) a composite number?
True
Let n(w) = 36*w**2 + 500*w + 109. Is n(60) composite?
True
Let o(g) = -7 - 2 - g - 10 + 20. Let n be o(-9). Suppose -5*r = -n*r, -485 = -5*t - r. Is t prime?
True
Let y(g) = -73*g**3 + 451*g**2 + 6*g - 57. Is y(-16) a composite number?
False
Let o(w) = 3*w**2 - w - 75. Let j be o(0). Let f = -72 - j. Suppose -3*u - 801 = -f*g, 544 = -0*g + 2*g + 3*u. Is g a prime number?
True
Let f = 16 - 14. Let q(d) = -f - 2*d - 2*d - 47*d**2 + 187*d**2 + d. Is q(3) a prime number?
True
Suppose 34*u = 25*u + 74871. Suppose -7*o = -u - 2342. Is o a composite number?
False
Let l(b) = -13324*b + 691. Is l(-4) prime?
True
Is (-39)/(-65)*20 + 306109 a prime number?
True
Let r(z) be the third derivative of 7*z**6/360 + z**5/20 + z**4/2 + 2*z**3 + 12*z**2. Let o(n) be the first derivative of r(n). Is o(-11) a composite number?
True
Let g(h) = -14*h**2 + 4*h - 4. Let x be g(2). Let t = -11 + x. Is (t/(-28))/(-9) + 1385/4 a composite number?
True
Let v(r) = r**3 + 36*r**2 + 73*r + 173. Let k be v(-34). Let m = 167 - -125. Suppose 1469 = k*d - m. Is d a prime number?
True
Let w = -7246 + 10396. Let y = 5561 - w. Is y a composite number?
False
Let t = -13055 - -169722. Is t a prime number?
False
Let g be (2 - (-4)/1)/1. Suppose 173 = i + 3*f + 167, -5*i - f + 16 = 0. Suppose -g*n + 672 = -3*n + s, i*n = 3*s + 660. Is n prime?
True
Suppose -5*u - 8*v + 4*v = -2290937, -8 = 4*v. Is u composite?
False
Let w(a) = -200*a - 8. Let q be w(-1). Is 2066 + ((-648)/q - 3/(-8)) a prime number?
True
Let l = -13 - -60. Let j = -61 + l. Is (-3491)/(-7) + (-4)/j a prime number?
True
Let g(t) = -6*t**3 - 3*t**2 + 2*t + 4. Let u be g(-1). Let n(h) = 29*h**3 + 4*h**2 - 12*h + 6. Is n(u) prime?
True
Let n(y) = 3*y - 33. Let v be n(12). Suppose -4*d = -p + 2730 + 1333, -p = -v*d - 4060. Is p a prime number?
True
Let f(c) = -17648*c**3 - 3*c**2 - 4*c + 9. Let t be f(2). Is (-22)/(-319) - t/87 prime?
False
Let p = 28707 + -11237. Suppose 15118 = 4*k - p. Is k prime?
True
Let w be 149/(-5) - (-1)/(-5). Let x(b) = -46*b - 23. Let u be x(-7). Let h = w + u. Is h prime?
True
Suppose -4*b + 31 = 2*y - 7*b, 7 = -y - 3*b. Suppose -334529 = -y*o - 5*o. Is o composite?
False
Suppose -4*x + l = -1, 3*x + x + 2*l = -2. Suppose x = -7*j + j + 7758. Is j prime?
False
Let v(j) = j**3 - 5